 is divided by 8276?
0
Calculate the remainder when 140806 is divided by 3434.
12
What is the remainder when 2107 is divided by 2094?
13
Calculate the remainder when 12215 is divided by 1715.
210
What is the remainder when 11812 is divided by 1180?
12
What is the remainder when 6328 is divided by 1297?
1140
Calculate the remainder when 1791 is divided by 359.
355
Calculate the remainder when 150569 is divided by 417.
32
Calculate the remainder when 56731 is divided by 48.
43
What is the remainder when 612634 is divided by 19?
17
What is the remainder when 4081 is divided by 582?
7
Calculate the remainder when 62059 is divided by 434.
431
What is the remainder when 12993 is divided by 49?
8
Calculate the remainder when 122005 is divided by 12.
1
Calculate the remainder when 28522 is divided by 5.
2
Calculate the remainder when 15390 is divided by 2196.
18
What is the remainder when 183 is divided by 44?
7
What is the remainder when 1002903 is divided by 395?
393
What is the remainder when 3349 is divided by 255?
34
What is the remainder when 467 is divided by 66?
5
Calculate the remainder when 112326 is divided by 57.
36
What is the remainder when 43839 is divided by 21?
12
Calculate the remainder when 71515 is divided by 15.
10
Calculate the remainder when 36947 is divided by 486.
11
Calculate the remainder when 13288 is divided by 30.
28
What is the remainder when 8837 is divided by 57?
2
What is the remainder when 674 is divided by 70?
44
What is the remainder when 4225 is divided by 166?
75
Calculate the remainder when 5465 is divided by 1751.
212
What is the remainder when 2580 is divided by 1266?
48
What is the remainder when 692382 is divided by 324?
318
Calculate the remainder when 95117 is divided by 749.
743
What is the remainder when 8645 is divided by 17?
9
What is the remainder when 3653 is divided by 430?
213
What is the remainder when 1121 is divided by 167?
119
What is the remainder when 22215 is divided by 7377?
84
Calculate the remainder when 12469 is divided by 1131.
28
Calculate the remainder when 1415 is divided by 19.
9
What is the remainder when 50528 is divided by 8418?
20
What is the remainder when 5641 is divided by 95?
36
What is the remainder when 13461 is divided by 662?
221
What is the remainder when 102144 is divided by 20420?
44
Calculate the remainder when 22149 is divided by 7358.
75
Calculate the remainder when 1453 is divided by 1089.
364
Calculate the remainder when 151854 is divided by 12.
6
Calculate the remainder when 42575 is divided by 49.
43
What is the remainder when 18850 is divided by 512?
418
Calculate the remainder when 485754 is divided by 17.
13
Calculate the remainder when 166119 is divided by 166116.
3
What is the remainder when 2855 is divided by 11?
6
What is the remainder when 4047 is divided by 213?
0
What is the remainder when 5495 is divided by 389?
49
Calculate the remainder when 2181 is divided by 90.
21
What is the remainder when 571 is divided by 5?
1
What is the remainder when 109362 is divided by 30?
12
Calculate the remainder when 207405 is divided by 116.
113
What is the remainder when 61026 is divided by 146?
144
What is the remainder when 6146 is divided by 384?
2
What is the remainder when 46457 is divided by 484?
477
Calculate the remainder when 586350 is divided by 2423.
2407
Calculate the remainder when 35980 is divided by 6.
4
Calculate the remainder when 95261 is divided by 261.
257
What is the remainder when 731742 is divided by 105?
102
What is the remainder when 80029 is divided by 111?
109
What is the remainder when 6685 is divided by 320?
285
What is the remainder when 9460 is divided by 4697?
66
What is the remainder when 10115 is divided by 1445?
0
Calculate the remainder when 41493 is divided by 24.
21
What is the remainder when 2070 is divided by 338?
42
Calculate the remainder when 5139 is divided by 2562.
15
What is the remainder when 67300 is divided by 33638?
24
Calculate the remainder when 2229 is divided by 2110.
119
Calculate the remainder when 47655 is divided by 3663.
36
What is the remainder when 1260987 is divided by 17?
12
Calculate the remainder when 3251 is divided by 148.
143
What is the remainder when 928 is divided by 156?
148
What is the remainder when 83495 is divided by 6957?
11
What is the remainder when 4809 is divided by 2364?
81
What is the remainder when 684 is divided by 364?
320
What is the remainder when 55593 is divided by 291?
12
What is the remainder when 744 is divided by 346?
52
Calculate the remainder when 56603 is divided by 23.
0
What is the remainder when 80 is divided by 7?
3
What is the remainder when 31272 is divided by 2390?
202
What is the remainder when 2720 is divided by 133?
60
Calculate the remainder when 20142 is divided by 719.
10
Calculate the remainder when 1860 is divided by 83.
34
What is the remainder when 1893266 is divided by 1338?
1334
Calculate the remainder when 37189 is divided by 12391.
16
What is the remainder when 23178 is divided by 117?
12
Calculate the remainder when 128053 is divided by 15.
13
What is the remainder when 812834 is divided by 669?
668
Calculate the remainder when 1175143 is divided by 26.
21
Calculate the remainder when 11024 is divided by 5310.
404
Calculate the remainder when 2340 is divided by 23.
17
What is the remainder when 154 is divided by 37?
6
Calculate the remainder when 183452 is divided by 98.
94
What is the remainder when 403 is divided by 318?
85
What is the remainder when 1944 is divided by 644?
12
Calculate the remainder when 9992 is divided by 113.
48
Calculate the remainder when 1445 is divided by 271.
90
Calculate the remainder when 24466 is divided by 20.
6
What is the remainder when 65772 is divided by 506?
498
Calculate the remainder when 193181 is divided by 138.
119
Calculate the remainder when 19732 is divided by 1722.
790
Calculate the remainder when 63081 is divided by 239.
224
Calculate the remainder when 9137 is divided by 3108.
2921
What is the remainder when 128517 is divided by 105?
102
Calculate the remainder when 8398 is divided by 51.
34
What is the remainder when 1265699 is divided by 54?
47
Calculate the remainder when 45993 is divided by 339.
228
Calculate the remainder when 1233818 is divided by 137.
133
What is the remainder when 668876 is divided by 3655?
11
Calculate the remainder when 19117 is divided by 20.
17
What is the remainder when 321 is divided by 87?
60
Calculate the remainder when 239 is divided by 8.
7
What is the remainder when 15079 is divided by 5018?
25
Calculate the remainder when 228227 is divided by 22.
21
What is the remainder when 885247 is divided by 256?
255
What is the remainder when 120169 is divided by 123?
121
What is the remainder when 53431 is divided by 74?
3
Calculate the remainder when 52484 is divided by 26.
16
What is the remainder when 222072 is divided by 44397?
87
Calculate the remainder when 24154 is divided by 236.
82
What is the remainder when 24877 is divided by 4974?
7
What is the remainder when 3211 is divided by 696?
427
What is the remainder when 1846 is divided by 105?
61
What is the remainder when 38497 is divided by 83?
68
Calculate the remainder when 23764 is divided by 499.
311
Calculate the remainder when 843 is divided by 120.
3
Calculate the remainder when 176900 is divided by 117.
113
Calculate the remainder when 5086 is divided by 4969.
117
What is the remainder when 27840 is divided by 6951?
36
Calculate the remainder when 2964 is divided by 199.
178
What is the remainder when 6578 is divided by 6569?
9
Calculate the remainder when 408 is divided by 232.
176
Calculate the remainder when 40643 is divided by 214.
197
What is the remainder when 12460 is divided by 116?
48
What is the remainder when 411132 is divided by 15?
12
Calculate the remainder when 395 is divided by 181.
33
Calculate the remainder when 25687 is divided by 12832.
23
Calculate the remainder when 4609 is divided by 52.
33
Calculate the remainder when 3400 is divided by 140.
40
What is the remainder when 687891 is divided by 128?
19
Calculate the remainder when 23927 is divided by 193.
188
Calculate the remainder when 14042 is divided by 312.
2
What is the remainder when 21640 is divided by 318?
16
What is the remai